 and 11033.
187
Calculate the greatest common divisor of 304480 and 1216.
32
Calculate the greatest common factor of 57980 and 66560.
260
Calculate the greatest common divisor of 11152 and 70192.
656
What is the greatest common factor of 53342 and 11026?
298
What is the greatest common divisor of 12103 and 21983?
247
What is the greatest common factor of 208 and 351?
13
Calculate the greatest common divisor of 12510 and 5580.
90
What is the greatest common divisor of 30239 and 1606?
11
What is the highest common divisor of 26 and 76973?
13
What is the greatest common factor of 6024 and 300?
12
Calculate the greatest common divisor of 704327 and 221.
221
Calculate the highest common factor of 103785 and 120.
15
Calculate the greatest common factor of 3572 and 120038.
94
What is the greatest common factor of 125 and 85175?
25
Calculate the greatest common divisor of 1408155 and 30.
15
What is the greatest common divisor of 779 and 9963?
41
Calculate the highest common factor of 11637 and 181020.
1293
Calculate the highest common divisor of 26 and 775567.
13
What is the greatest common divisor of 35 and 55475?
35
What is the highest common divisor of 478 and 145073?
239
What is the greatest common factor of 73322 and 488?
122
Calculate the greatest common divisor of 353358 and 1943.
67
What is the highest common divisor of 373908 and 36?
12
Calculate the greatest common divisor of 15756 and 312.
156
Calculate the greatest common divisor of 18 and 1991799.
9
What is the highest common factor of 2075596 and 1052?
1052
Calculate the highest common factor of 9480 and 510.
30
Calculate the highest common factor of 9251 and 1015.
29
Calculate the greatest common divisor of 833 and 31841.
17
What is the greatest common divisor of 6894 and 729?
9
Calculate the highest common divisor of 18000 and 4950.
450
Calculate the highest common factor of 25472 and 128.
128
What is the greatest common factor of 413 and 55283?
59
Calculate the highest common factor of 2954 and 29962.
422
Calculate the highest common factor of 5980 and 1840.
460
Calculate the highest common divisor of 103668 and 115404.
1956
What is the highest common divisor of 140280 and 84?
84
Calculate the greatest common factor of 211440 and 720.
240
Calculate the highest common divisor of 6216 and 5957.
259
Calculate the highest common divisor of 4 and 876440.
4
Calculate the greatest common factor of 95068 and 16.
4
What is the greatest common factor of 77 and 4565?
11
What is the highest common divisor of 1586 and 158990?
26
Calculate the highest common divisor of 1746444 and 204.
204
What is the highest common factor of 1834 and 42313?
131
Calculate the greatest common factor of 4993885 and 65.
65
What is the greatest common factor of 29638 and 365?
73
What is the highest common factor of 24 and 214960?
8
What is the highest common divisor of 24 and 616376?
8
Calculate the greatest common factor of 1980 and 1620.
180
What is the highest common factor of 2 and 46212?
2
Calculate the highest common factor of 112 and 21000.
56
Calculate the greatest common divisor of 4647 and 309.
3
What is the greatest common divisor of 298300 and 5024?
628
Calculate the highest common factor of 579 and 277727.
193
Calculate the greatest common factor of 3060 and 2142.
306
Calculate the highest common divisor of 4594409 and 38.
19
Calculate the greatest common factor of 8660 and 940.
20
Calculate the greatest common divisor of 20587 and 425.
17
Calculate the greatest common divisor of 88278 and 354.
6
What is the highest common divisor of 797327 and 328?
41
What is the greatest common divisor of 401 and 16673179?
401
What is the greatest common divisor of 731470 and 1516?
758
What is the greatest common divisor of 450 and 16700?
50
What is the highest common factor of 16164 and 1584?
36
Calculate the greatest common factor of 2022 and 5870877.
1011
What is the highest common divisor of 246 and 2271318?
246
Calculate the greatest common divisor of 44 and 64834.
22
Calculate the greatest common factor of 544 and 917456.
272
What is the greatest common divisor of 281846 and 38?
38
Calculate the highest common divisor of 112 and 15638.
14
Calculate the greatest common factor of 5610 and 71390.
110
Calculate the highest common factor of 156 and 437970.
78
Calculate the greatest common divisor of 75156 and 12.
12
What is the highest common factor of 2019383 and 538?
269
Calculate the greatest common factor of 37629 and 444.
111
Calculate the greatest common divisor of 10775 and 7925.
25
Calculate the highest common factor of 2854732 and 724.
724
Calculate the highest common factor of 2375292 and 8.
4
Calculate the highest common factor of 73680 and 240.
240
Calculate the greatest common divisor of 4878164 and 367.
367
What is the greatest common divisor of 9558 and 5892?
6
Calculate the highest common factor of 133 and 13927.
19
What is the highest common divisor of 2776 and 1281818?
694
What is the greatest common factor of 31787 and 5054?
133
Calculate the greatest common factor of 117621 and 252.
63
Calculate the highest common factor of 4401 and 4077.
27
Calculate the greatest common divisor of 3925 and 50.
25
What is the highest common factor of 10 and 1458790?
10
Calculate the highest common divisor of 227298 and 6192.
258
Calculate the highest common divisor of 589491 and 4158.
189
Calculate the greatest common factor of 1155 and 105.
105
What is the highest common factor of 95682 and 1110?
222
Calculate the highest common divisor of 779373 and 126.
63
What is the greatest common divisor of 182441 and 35?
7
Calculate the highest common factor of 136 and 16235.
17
Calculate the greatest common factor of 91 and 27053.
13
What is the greatest common factor of 56 and 244104?
56
What is the greatest common divisor of 19 and 1464767?
19
What is the greatest common factor of 850 and 8330?
170
Calculate the highest common factor of 75240 and 380.
380
What is the greatest common divisor of 1764 and 154?
14
Calculate the highest common factor of 3000 and 1090.
10
Calculate the highest common divisor of 22000 and 976.
16
Calculate the highest common divisor of 477 and 401157.
477
What is the greatest common divisor of 632 and 47321?
79
Calculate the highest common divisor of 13988 and 4056.
52
Calculate the greatest common factor of 1928 and 11672.
8
What is the greatest common factor of 56 and 266042?
14
Calculate the greatest common factor of 490601 and 381.
127
What is the greatest common divisor of 2044691 and 77?
11
Calculate the highest common divisor of 4559537 and 53.
53
What is the highest common factor of 75 and 12800?
25
What is the highest common factor of 72224 and 832?
32
Calculate the highest common divisor of 4050 and 78950.
50
Calculate the highest common factor of 30848 and 46513.
241
What is the greatest common divisor of 84 and 3699248?
28
Calculate the greatest common factor of 1701 and 147.
21
What is the greatest common divisor of 461791 and 22?
11
Calculate the greatest common divisor of 146 and 15876.
2
Calculate the greatest common factor of 195490 and 10170.
1130
What is the highest common factor of 728 and 3896?
8
What is the greatest common factor of 4054800 and 12?
12
Calculate the greatest common factor of 2680 and 170.
10
Calculate the highest common divisor of 24106 and 68.
34
What is the greatest common factor of 980 and 5540?
20
What is the highest common factor of 3577 and 69923?
49
Calculate the highest common factor of 43480 and 60.
20
What is the greatest common factor of 21 and 44595?
3
Calculate the highest common divisor of 46603 and 2494.
29
Calculate the greatest common factor of 1768 and 98891.
13
Calculate the greatest common divisor of 251 and 1527084.
251
What is the highest common factor of 7 and 14987?
7
What is the greatest common factor of 24038 and 84?
14
Calculate the greatest common divisor of 27720 and 825.
165
What is the greatest common factor of 78 and 6656?
26
Calculate the highest common divisor of 64440 and 1440.
360
What is the highest common divisor of 128 and 143552?
64
What is the highest common divisor of 416 and 424736?
416
What is the highest common divisor of 71197 and 147?
49
What is the highest common divisor of 17 and 5729?
17
What is the highe